{"id":1449,"date":"2022-12-16T22:06:15","date_gmt":"2022-12-16T21:06:15","guid":{"rendered":"http:\/\/syrosebud.de\/?page_id=1449"},"modified":"2023-06-16T12:19:16","modified_gmt":"2023-06-16T10:19:16","slug":"oestliche-kanaren-fahrt-12-oder-14-tage","status":"publish","type":"page","link":"https:\/\/syrosebud.de\/?page_id=1449","title":{"rendered":"\u00d6stliche Kanaren &#8211; Fahrt 12 oder 14 Tage"},"content":{"rendered":"\n<p>Die drei \u00f6stlichen Kanareninseln<strong> Lanzarote, Fuerteventura und Gran Canaria<\/strong> sind das Ziel dieser Fahrt. Als gr\u00f6\u00dfte Insel der westlichen Kanaren stoppen wir auch auf <strong>Teneriffa<\/strong>. Diese Fahrt ist intensives Segeln auf dem Meilenfresser <em>Rosebud<\/em>. Die Fahrt beginnt mit einem Schlag \u00fcber zwei Tage, von La Palma nach Lanzarote. Hierf\u00fcr brauchen wir jedoch g\u00fcnstigen Wind aus Nord. Danach fahren wir in kurzen Etappen zur\u00fcck nach La Palma und besuchen die Ostseiten der Inseln. Die beste Jahreszeit f\u00fcr diese Strecken ist das Fr\u00fchjahr, also von M\u00e4rz bis Mai, da der Nordostpassat hier oft variabel ist. Aber auch zu jeder anderen Jahreszeit kann gefahren werden, wenn es der Wind zul\u00e4sst. Wenn wir Las Palmas auf Gran Canaria auslassen, dann geht die Fahrt nur \u00fcber 12 Tage.<\/p>\n\n\n\n<div class=\"wp-block-columns is-layout-flex wp-container-core-columns-is-layout-9d6595d7 wp-block-columns-is-layout-flex\">\n<div class=\"wp-block-column is-layout-flow wp-block-column-is-layout-flow\" style=\"flex-basis:66.66%\">\n<figure class=\"wp-block-table has-small-font-size\"><table><tbody><tr><td>Fahrtgebiet<\/td><td>Atlantik, \u00f6stliche Kanaren<\/td><\/tr><tr><td>Schwierigkeit<\/td><td>Mittel, 9 Tage in Fahrt, 4 Pausentage<\/td><\/tr><tr><td>Route<\/td><td>La Palma, Lanzarote, Fuerteventura, Gran Canaria, Teneriffa<\/td><\/tr><tr><td>Strecke<\/td><td>ca. 560M f\u00fcr SKS\/SSS\/SHS<br>RYA YM Costal\/Offshore<\/td><\/tr><tr><td>Saison<\/td><td>Ganz\u00e4hrig je nach Wind, optimal M\u00e4rz bis Mai<\/td><\/tr><tr><td>Ausr\u00fcstung<\/td><td>Tropen und k\u00fchles Wetter<\/td><\/tr><\/tbody><\/table><figcaption class=\"wp-element-caption\">Zusammenfassung<\/figcaption><\/figure>\n<\/div>\n\n\n\n<div class=\"wp-block-column is-layout-flow wp-block-column-is-layout-flow\" style=\"flex-basis:33.33%\">\n<figure class=\"wp-block-image size-full\"><img loading=\"lazy\" decoding=\"async\" width=\"640\" height=\"480\" src=\"https:\/\/syrosebud.de\/wp-content\/uploads\/2022\/10\/La-Palma-West.jpg\" alt=\"\" class=\"wp-image-1453\" srcset=\"https:\/\/syrosebud.de\/wp-content\/uploads\/2022\/10\/La-Palma-West.jpg 640w, https:\/\/syrosebud.de\/wp-content\/uploads\/2022\/10\/La-Palma-West-300x225.jpg 300w\" sizes=\"auto, (max-width: 640px) 100vw, 640px\" \/><figcaption class=\"wp-element-caption\">Der Atlantik im Westen von La Palma ist leider nicht immer so ruhig.<\/figcaption><\/figure>\n<\/div>\n<\/div>\n\n\n\n<h2 class=\"wp-block-heading\">Route<\/h2>\n\n\n\n<figure class=\"wp-block-image size-large\"><img loading=\"lazy\" decoding=\"async\" width=\"1024\" height=\"439\" src=\"https:\/\/syrosebud.de\/wp-content\/uploads\/2022\/10\/Route-Kanaren-Ost-1024x439.jpg\" alt=\"\" class=\"wp-image-1454\" srcset=\"https:\/\/syrosebud.de\/wp-content\/uploads\/2022\/10\/Route-Kanaren-Ost-1024x439.jpg 1024w, https:\/\/syrosebud.de\/wp-content\/uploads\/2022\/10\/Route-Kanaren-Ost-300x129.jpg 300w, https:\/\/syrosebud.de\/wp-content\/uploads\/2022\/10\/Route-Kanaren-Ost-768x329.jpg 768w, https:\/\/syrosebud.de\/wp-content\/uploads\/2022\/10\/Route-Kanaren-Ost.jpg 1416w\" sizes=\"auto, (max-width: 1024px) 100vw, 1024px\" \/><figcaption class=\"wp-element-caption\">Route druch die \u00f6stlichen Kanaren. Die zwei roten Etappen nach Las Palmas auf Gran Canaria k\u00f6nnen auch ausgelassen werden.<\/figcaption><\/figure>\n\n\n\n<figure class=\"wp-block-table has-small-font-size\"><table><thead><tr><th>Tag<\/th><th>Was<\/th><th>Von<\/th><th>Nach<\/th><th>M<\/th><\/tr><\/thead><tbody><tr><td>1<\/td><td>Anreise<\/td><td>Dahoam<\/td><td>Tazacorte (La Palma)<\/td><td><\/td><\/tr><tr><td>2<\/td><td>Vorbereitung, Einkaufen, <br>Probeschlag, Grillen<\/td><td>Tazacorte (La Palma)<\/td><td>Tazacorte (La Palma)<\/td><td><\/td><\/tr><tr><td>3\/4<\/td><td>\u00dcberfahrt<\/td><td>Tazacorte (La Palma)<\/td><td>Ribuc\u00f3n (Lanzarote)<\/td><td>235<\/td><\/tr><tr><td>5<\/td><td>Pausentag<\/td><td>Ribuc\u00f3n (Lanzarote)<\/td><td><\/td><td><\/td><\/tr><tr><td>6<\/td><td>\u00dcberfahrt mit Ankern<\/td><td>Ribuc\u00f3n (Lanzarote)<\/td><td>Puerto Calero (Lanzarote)<\/td><td>10<\/td><\/tr><tr><td>7<\/td><td>\u00dcberfahrt<\/td><td>Puerto Calero (Lanzarote)<\/td><td>Gran Tarajal (Fuerteventura)<\/td><td>52<\/td><\/tr><tr><td>8<\/td><td>Pausentag<\/td><td>Gran Tarajal (Fuerteventura)<\/td><td><\/td><td><\/td><\/tr><tr><td>9<\/td><td>\u00dcberfahrt mit Ankern<\/td><td>Gran Tarajal (Fuerteventura)<\/td><td>Morro Jable (Fuerteventura)<\/td><td>25<\/td><\/tr><tr><td>10<\/td><td>\u00dcberfahrt<\/td><td>Morro Jable (Fuerteventura)<\/td><td>Las Palmas o. Puerto de Mog\u00e1n (Gran Canaria)<\/td><td>56 \/ 81<\/td><\/tr><tr><td>11<\/td><td>Pausentag (optional)<\/td><td>Las Palmas (Gran Canaria)<\/td><td><\/td><td><\/td><\/tr><tr><td>12<\/td><td>\u00dcberfahrt (optional)<\/td><td>Las Palmas (Gran Canaria)<\/td><td>Puerto de Mog\u00e1n (Gran Canaria)<\/td><td>50<\/td><\/tr><tr><td>13<\/td><td>\u00dcberfahrt<\/td><td>Puerto de Mog\u00e1n (Gran Canaria)<\/td><td>Las Galettas (Teneriffa)<\/td><td>50<\/td><\/tr><tr><td>14<\/td><td>Pausentag<\/td><td>Las Galettas (Teneriffa)<\/td><td><\/td><td><\/td><\/tr><tr><td>15<\/td><td>\u00dcberfahrt<\/td><td>Las Galettas (Teneriffa)<\/td><td>Tazacorte (La Palma)<\/td><td>84<\/td><\/tr><tr><td>16<\/td><td>Abreise<\/td><td>Tazacorte (La Palma)<\/td><td>Dahoam<\/td><td><strong>562<\/strong><\/td><\/tr><\/tbody><\/table><figcaption class=\"wp-element-caption\">Route &#8211; 562M gesamt &#8211; 9 Tage an Bord &#8211; drei Schl\u00e4ge &gt; 60M &#8211; 2 Nachtfahrten &#8211; RYA Offshore Meilen: YES<\/figcaption><\/figure>\n\n\n\n<h3 class=\"wp-block-heading\">Ablauf<\/h3>\n\n\n\n<p>Tag 1 Anreise &#8211; am besten mit dem Flugzeug.<\/p>\n\n\n\n<p>Tag 2 Verbringen wir mit Briefing, Vorbereitung und Einkaufen. Wenn es die Zeit vor dem Grillen zul\u00e4sst, fahren wir einen kleinen Probeschlag vor der Westk\u00fcste La Palmas. Das Boot wird abends f\u00fcr ein fr\u00fches Ablegen in Tazacorte vorbereitet.<\/p>\n\n\n\n<p>Tag 3 und 4 Wir brechen zum Sonnenaufgang auf und fahren 48 Stunden durch bis nach Lanzarote in die neue Marina Robic\u00f3n im Touristenort Playa Blanca. Dieser liegt in der Meerenge zwischen Lanzarote und Feurteventura und wir m\u00fcssen durch eine Beschleunigungszone, wie auch schon zu Beginn der Fahrt, um die Nordspitze von La Palma zu umrunden. Die Fahrt beginnt also eventuell anstrengend&#8230;<\/p>\n\n\n\n<p>Tag 5 &#8230;doch das wird nun besser. Wir machen Pause und erkunden die Insel mit Mietwagen oder Bus.<\/p>\n\n\n\n<p>Tag 6 Wir segeln 10M in die Marina Puerto Calero auf der Ostseit von Lanzarote, einer privaten Marina mit Messingpollern und Gucci Boutique. Auf dem Weg dahin ankern wir vor den Papagayo Str\u00e4nden, ausserhalb von Fuerteventura die einzigen Str\u00e4nde mit hellem Sand. Den Rest das Tages shoppen wir und ruhen uns aus.<\/p>\n\n\n\n<p>Tag 7 Denn jetzt wird endlich wieder gesegelt, 52M nach Fuerteventura. Die Marina Gran Tarajal liegt auf der Ostseite und ist die einzige &#8222;echte&#8220; auf Fuerteventura.<\/p>\n\n\n\n<p>Tag 8 In Gran Tarajal machen eir einen Tag Pause f\u00fcr die Erkundung von Fuerteventura.<\/p>\n\n\n\n<p>Tag 9 Wir segeln enstpannt 25M zur s\u00fcdlichen Halbinsel Jandia mit Ankerstops in den vier Buchten am l\u00e4ngsten Sandstrand der Kanaren. Ziel ist der Hafen Morro Jable in dem wir unser Gl\u00fcck als Absprungpunkt f\u00fcr die R\u00fcckfahrt versuchen.<\/p>\n\n\n\n<p>Tag 10 Von Morro Jable seglen wir nach Gran Canaria. Entweder direkt nach Puerto de Mog\u00e1n an der S\u00fcdwestk\u00fcste oder wir besuchen vorher die Hauptstadt Las Palmas im Nordosten. Nach Las Palmas sind es 56M und wenn wir fr\u00fch aufbrechen k\u00f6nnen wir Abends die Stadt erkunden.<\/p>\n\n\n\n<p>Tag 11 In Las Palmas machen wir einen Tag Pause.<\/p>\n\n\n\n<p>Tag 12 Von Las Palmas geht es 50M nach Puerto de Mog\u00e1n an die S\u00fcdwestk\u00fcste von Gran Canaria.<\/p>\n\n\n\n<p>Tag 13 Die R\u00fcckfahrt beginnt, wir fahren 50M nach Las Galettas im S\u00fcden von Teneriffa.<\/p>\n\n\n\n<p>Tag 14 Pausentag auf Teneriffa. Mit dem Mietwagen fahren wir in die Hauptstadt St. Cruz und ersetzen defekte K\u00fcchenger\u00e4te \ud83d\ude42 .<\/p>\n\n\n\n<p>Tag 15 Wir stehen sehr fr\u00fch auf und fahren 84M direkt zur\u00fcck nach Tazacorte.<\/p>\n\n\n\n<p>Tag 16 Abreise<\/p>\n\n\n\n<h2 class=\"wp-block-heading\">Ausr\u00fcstung<\/h2>\n\n\n\n<p>Was muss man mitbringen? <a rel=\"noreferrer noopener\" href=\"https:\/\/syrosebud.de\/?page_id=1724\" target=\"_blank\">Steht alles hier<\/a>.<\/p>\n","protected":false},"excerpt":{"rendered":"<p>Die drei \u00f6stlichen Kanareninseln Lanzarote, Fuerteventura und Gran Canaria sind das Ziel dieser Fahrt. Als gr\u00f6\u00dfte Insel der westlichen Kanaren stoppen wir auch auf Teneriffa. Diese Fahrt ist intensives Segeln auf dem Meilenfresser Rosebud. Die Fahrt beginnt mit einem Schlag \u00fcber zwei Tage, von La Palma nach Lanzarote. Hierf\u00fcr brauchen wir jedoch g\u00fcnstigen Wind aus&hellip; <a href=\"https:\/\/syrosebud.de\/?page_id=1449\" class=\"more-link\">Weiterlesen <span class=\"screen-reader-text\">\u00d6stliche Kanaren &#8211; Fahrt 12 oder 14 Tage<\/span><\/a><\/p>\n","protected":false},"author":1,"featured_media":0,"parent":0,"menu_order":0,"comment_status":"closed","ping_status":"closed","template":"","meta":{"footnotes":""},"class_list":["post-1449","page","type-page","status-publish","hentry"],"_links":{"self":[{"href":"https:\/\/syrosebud.de\/index.php?rest_route=\/wp\/v2\/pages\/1449","targetHints":{"allow":["GET"]}}],"collection":[{"href":"https:\/\/syrosebud.de\/index.php?rest_route=\/wp\/v2\/pages"}],"about":[{"href":"https:\/\/syrosebud.de\/index.php?rest_route=\/wp\/v2\/types\/page"}],"author":[{"embeddable":true,"href":"https:\/\/syrosebud.de\/index.php?rest_route=\/wp\/v2\/users\/1"}],"replies":[{"embeddable":true,"href":"https:\/\/syrosebud.de\/index.php?rest_route=%2Fwp%2Fv2%2Fcomments&post=1449"}],"version-history":[{"count":19,"href":"https:\/\/syrosebud.de\/index.php?rest_route=\/wp\/v2\/pages\/1449\/revisions"}],"predecessor-version":[{"id":1743,"href":"https:\/\/syrosebud.de\/index.php?rest_route=\/wp\/v2\/pages\/1449\/revisions\/1743"}],"wp:attachment":[{"href":"https:\/\/syrosebud.de\/index.php?rest_route=%2Fwp%2Fv2%2Fmedia&parent=1449"}],"curies":[{"name":"wp","href":"https:\/\/api.w.org\/{rel}","templated":true}]}}