{"id":1579,"date":"2023-03-02T19:54:16","date_gmt":"2023-03-02T18:54:16","guid":{"rendered":"http:\/\/syrosebud.de\/?page_id=1579"},"modified":"2023-06-16T12:20:57","modified_gmt":"2023-06-16T10:20:57","slug":"westliche-kanaren-light-fahrt-8-tage","status":"publish","type":"page","link":"https:\/\/syrosebud.de\/?page_id=1579","title":{"rendered":"Westliche Kanaren Light &#8211; Fahrt 8 Tage"},"content":{"rendered":"\n<p>Die drei westlichen Kanareninseln <strong>La Gomera, Teneriffa und optional El Hierro<\/strong> sind das Ziel dieser Fahrt. Als gr\u00f6\u00dfte Insel der \u00f6stlichen Kanaren besuchen wir wenn m\u00f6glich auch <strong>Gran Canaria<\/strong>. Auf der Fahrt fordern die gro\u00dfen Abst\u00e4nde zwischen den H\u00e4fen \u00f6fters ein fr\u00fches Aufstehen. Die beste Jahreszeit f\u00fcr diese Strecken ist der Sommer, also von Juni bis September. Aber auch zu jeder anderen Jahreszeit kann gefahren werden &#8211; je nach Wind wird der Ablauf dann angepasst.<\/p>\n\n\n\n<div class=\"wp-block-columns is-layout-flex wp-container-core-columns-is-layout-9d6595d7 wp-block-columns-is-layout-flex\">\n<div class=\"wp-block-column is-layout-flow wp-block-column-is-layout-flow\" style=\"flex-basis:66.66%\">\n<figure class=\"wp-block-table has-small-font-size\"><table><tbody><tr><td>Fahrtgebiet<\/td><td>Atlantik, Westliche Kanaren<\/td><\/tr><tr><td>Schwierigkeit<\/td><td>Einfach, 5 oder 6 Tage in Fahrt, 2 oder 1 Pausentag<\/td><\/tr><tr><td>Route<\/td><td>La Palma, La Gomera, Gran Canaria, Teneriffa (, El Hierro)<\/td><\/tr><tr><td>Strecke<\/td><td>ca. 310M oder 352M f\u00fcr SKS\/SSS\/SHS<br>RYA YM Costal\/Offshore<\/td><\/tr><tr><td>Saison<\/td><td>Ganzj\u00e4hrig, optimal Juni bis September <\/td><\/tr><tr><td>Ausr\u00fcstung<\/td><td>Tropen<\/td><\/tr><\/tbody><\/table><figcaption class=\"wp-element-caption\">Zusammenfassung<\/figcaption><\/figure>\n<\/div>\n\n\n\n<div class=\"wp-block-column is-layout-flow wp-block-column-is-layout-flow\" style=\"flex-basis:33.33%\">\n<figure class=\"wp-block-image size-large\"><img loading=\"lazy\" decoding=\"async\" width=\"1024\" height=\"768\" src=\"https:\/\/syrosebud.de\/wp-content\/uploads\/2022\/08\/20220813_111728k-1024x768.jpg\" alt=\"\" class=\"wp-image-1405\" srcset=\"https:\/\/syrosebud.de\/wp-content\/uploads\/2022\/08\/20220813_111728k-1024x768.jpg 1024w, https:\/\/syrosebud.de\/wp-content\/uploads\/2022\/08\/20220813_111728k-300x225.jpg 300w, https:\/\/syrosebud.de\/wp-content\/uploads\/2022\/08\/20220813_111728k-768x576.jpg 768w, https:\/\/syrosebud.de\/wp-content\/uploads\/2022\/08\/20220813_111728k-1536x1152.jpg 1536w, https:\/\/syrosebud.de\/wp-content\/uploads\/2022\/08\/20220813_111728k.jpg 2016w\" sizes=\"auto, (max-width: 1024px) 100vw, 1024px\" \/><figcaption class=\"wp-element-caption\">Rosebud 2022 vor La Gomera<\/figcaption><\/figure>\n<\/div>\n<\/div>\n\n\n\n<div class=\"wp-block-columns is-layout-flex wp-container-core-columns-is-layout-9d6595d7 wp-block-columns-is-layout-flex\">\n<div class=\"wp-block-column is-layout-flow wp-block-column-is-layout-flow\">\n<h2 class=\"wp-block-heading\">Route<\/h2>\n\n\n\n<figure class=\"wp-block-image size-large\"><img loading=\"lazy\" decoding=\"async\" width=\"1024\" height=\"534\" src=\"https:\/\/syrosebud.de\/wp-content\/uploads\/2023\/03\/Kanaren-West-Light-1024x534.jpg\" alt=\"\" class=\"wp-image-1603\" srcset=\"https:\/\/syrosebud.de\/wp-content\/uploads\/2023\/03\/Kanaren-West-Light-1024x534.jpg 1024w, https:\/\/syrosebud.de\/wp-content\/uploads\/2023\/03\/Kanaren-West-Light-300x157.jpg 300w, https:\/\/syrosebud.de\/wp-content\/uploads\/2023\/03\/Kanaren-West-Light-768x401.jpg 768w, https:\/\/syrosebud.de\/wp-content\/uploads\/2023\/03\/Kanaren-West-Light.jpg 1234w\" sizes=\"auto, (max-width: 1024px) 100vw, 1024px\" \/><figcaption class=\"wp-element-caption\">Route Westliche Kanaren Light mit zwei Optionen.<\/figcaption><\/figure>\n\n\n\n<figure class=\"wp-block-table has-small-font-size\"><table><thead><tr><th>Tag<\/th><th>Was<\/th><th>Von<\/th><th>Nach<\/th><th>M<\/th><\/tr><\/thead><tbody><tr><td>1<\/td><td>Anreise<\/td><td>Dahoam<\/td><td>Tazacorte (La Palma)<\/td><td><\/td><\/tr><tr><td>2<\/td><td>Vorbereitung, Einkaufen, Einweisung<br>Probeschlag, Grillen<\/td><td>Tazacorte (La Palma)<\/td><td>Tazacorte (La Palma)<\/td><td><\/td><\/tr><tr><td>3<\/td><td>\u00dcberfahrt<\/td><td>Tazacorte (La Palma)<\/td><td>San Sebasti\u00e1n (La Gomera)<\/td><td>65<\/td><\/tr><tr><td>4<\/td><td>\u00dcberfahrt<\/td><td>San Sebasti\u00e1n (La Gomera)<\/td><td>Puerto de Mog\u00e1n (Gran Canaria) <\/td><td>74<\/td><\/tr><tr><td>5<\/td><td>\u00dcberfahrt<\/td><td>Puerto de Mog\u00e1n (Gran Canaria) <\/td><td>Santa Cruz (Teneriffa)<\/td><td>47<\/td><\/tr><tr><td>6<\/td><td>\u00dcberfahrt<\/td><td>Santa Cruz (Teneriffa)<\/td><td>Las Galettas (Teneriffa)<br>Los Gigantes (Teneriffa)<\/td><td>40<br>61<\/td><\/tr><tr><td>7<\/td><td>\u00dcberfahrt oder Pausentag<\/td><td>Las Galettas (Teneriffa)<\/td><td>La Estaca (El Hierro) &#8211; <em>Optional<\/em><\/td><td>(68)<\/td><\/tr><tr><td>8<\/td><td>Pausentag<\/td><td>hier oder fr\u00fcher<\/td><td><\/td><td><\/td><\/tr><tr><td>9<\/td><td>\u00dcberfahrt<\/td><td>Las Galettas (Teneriffa)<br>Los Gigantes (Teneriffa)<br>La Estaca (El Hierro)<\/td><td>Tazacorte (La Palma) <\/td><td>84<br>69<br>(58)<\/td><\/tr><tr><td>10<\/td><td>Abreise<\/td><td>Tazacorte (La Palma) <\/td><td>Dahoam<\/td><td><strong>310 (352)<\/strong><\/td><\/tr><\/tbody><\/table><figcaption class=\"wp-element-caption\">Route &#8211; 310 (352) M gesamt &#8211; 6\/7 Tage an Bord &#8211; drei Schl\u00e4ge &gt; 60M &#8211; 0 Nachtfahrt &#8211; RYA Offshore Meilen: YES<\/figcaption><\/figure>\n<\/div>\n<\/div>\n\n\n\n<h3 class=\"wp-block-heading\">Ablauf<\/h3>\n\n\n\n<p>Tag 1 Anreise &#8211; am besten mit dem Flugzeug.<\/p>\n\n\n\n<p>Tag 2 Verbringen wir mit Briefing, Vorbereitung und Einkaufen. Auf dem Boot machen wir die Sicherheitseinweisung und bereiten es abends f\u00fcr ein fr\u00fches Ablegen in Tazacorte vor.<\/p>\n\n\n\n<p>Tag 3 Fahren wir 65M von Tazacorte (La Palma) nach San Sebasti\u00e1n (La Gomera).<\/p>\n\n\n\n<p>Tag 4 Fr\u00fch morgens laufen wir aus und fahren vorbei an Teneriffa 74M nach Puerto de Mog\u00e1n (Gran Canaria). Dies ist der \u00f6stlichste Punkt der Fahrt.<\/p>\n\n\n\n<p>Tag 5 Wir fahren 47M Richtung NW nach Santa Cruz (Teneriffa).<\/p>\n\n\n\n<p>Tag 6 Nur 40M sind es Richtung SSW an der K\u00fcste entlang nach Las Galettas im S\u00fcden der Insel Teneriffa. Alternativ fahren wir 21M weiter nach Los Gigantes zu den gigantischen Klippen an der Westk\u00fcste Teneriffas.<\/p>\n\n\n\n<p>Tag 7 Pausentag auf Teneriffa oder optional die Fahrt von 68M nach La Estaca (El Hierro). Diese Option h\u00e4ngt massgeblich davon ob, ob die Windrichtung eine R\u00fcckfahrt von El Hierro nach La Palma zul\u00e4sst. Bei zu viel Nord im Nordostpassat geht es nicht. <\/p>\n\n\n\n<p>Tag 8 Auf Teneriffa oder El Hierro ruhen wir einen Tag aus, bevor es zur\u00fcck nach La Palma geht. Diesen Pausentag k\u00f6nnen wir auch schon fr\u00fcher nehmen, z.B. auf Gran Canaria.<\/p>\n\n\n\n<p>Tag 9 Die R\u00fcckfahrt nach La Palma sind entweder 84M aus Las Galettas bzw. 69M aus Los Gigantes oder 58M von El Hierro. Diese k\u00f6nnen jedoch bei ung\u00fcnstigem Wind recht sportlich werden.<\/p>\n\n\n\n<h3 class=\"wp-block-heading\">Beide Varianten<\/h3>\n\n\n\n<p>Tag 10 Abreise<\/p>\n\n\n\n<h2 class=\"wp-block-heading\">Ausr\u00fcstung<\/h2>\n\n\n\n<p>Was muss man mitbringen? <a rel=\"noreferrer noopener\" href=\"https:\/\/syrosebud.de\/?page_id=1724\" target=\"_blank\">Steht alles hier<\/a>.<\/p>\n","protected":false},"excerpt":{"rendered":"<p>Die drei westlichen Kanareninseln La Gomera, Teneriffa und optional El Hierro sind das Ziel dieser Fahrt. Als gr\u00f6\u00dfte Insel der \u00f6stlichen Kanaren besuchen wir wenn m\u00f6glich auch Gran Canaria. Auf der Fahrt fordern die gro\u00dfen Abst\u00e4nde zwischen den H\u00e4fen \u00f6fters ein fr\u00fches Aufstehen. Die beste Jahreszeit f\u00fcr diese Strecken ist der Sommer, also von Juni&hellip; <a href=\"https:\/\/syrosebud.de\/?page_id=1579\" class=\"more-link\">Weiterlesen <span class=\"screen-reader-text\">Westliche Kanaren Light &#8211; Fahrt 8 Tage<\/span><\/a><\/p>\n","protected":false},"author":1,"featured_media":0,"parent":0,"menu_order":0,"comment_status":"closed","ping_status":"closed","template":"","meta":{"footnotes":""},"class_list":["post-1579","page","type-page","status-publish","hentry"],"_links":{"self":[{"href":"https:\/\/syrosebud.de\/index.php?rest_route=\/wp\/v2\/pages\/1579","targetHints":{"allow":["GET"]}}],"collection":[{"href":"https:\/\/syrosebud.de\/index.php?rest_route=\/wp\/v2\/pages"}],"about":[{"href":"https:\/\/syrosebud.de\/index.php?rest_route=\/wp\/v2\/types\/page"}],"author":[{"embeddable":true,"href":"https:\/\/syrosebud.de\/index.php?rest_route=\/wp\/v2\/users\/1"}],"replies":[{"embeddable":true,"href":"https:\/\/syrosebud.de\/index.php?rest_route=%2Fwp%2Fv2%2Fcomments&post=1579"}],"version-history":[{"count":16,"href":"https:\/\/syrosebud.de\/index.php?rest_route=\/wp\/v2\/pages\/1579\/revisions"}],"predecessor-version":[{"id":1748,"href":"https:\/\/syrosebud.de\/index.php?rest_route=\/wp\/v2\/pages\/1579\/revisions\/1748"}],"wp:attachment":[{"href":"https:\/\/syrosebud.de\/index.php?rest_route=%2Fwp%2Fv2%2Fmedia&parent=1579"}],"curies":[{"name":"wp","href":"https:\/\/api.w.org\/{rel}","templated":true}]}}